**2 + 4*f + 69. Let q be i(-13). Suppose q + 2895 = 7*d. What is the units digit of d?
5
Suppose 3*p + 4*k = 107841, 5*p - 257330 + 77595 = 2*k. What is the tens digit of p?
4
Suppose -5569 = -2*i - p, 0 = 6*i - 7*i - 2*p + 2777. Suppose 0 = 17*s - 2296 - i. What is the units digit of s?
9
Suppose 2 = r + 5*w, -w - 29 = -4*r - 0*w. Suppose 3*g = -r*g - 1080. Let n = g - -179. What is the units digit of n?
1
Let y = 760 - 775. Let q = y + 540. What is the tens digit of q?
2
Suppose 3 = 4*g + 15. What is the units digit of g/(-3)*-1 - -377?
6
Suppose 3*p - 51 + 54 = 0. What is the units digit of ((-20)/(-15))/((-4)/(-6)) - p?
3
Let c(m) = -12*m - 39. Let s be 2 - (1 - 4/8)*-6. Let j be 6/(6 - 3)*-1*s. What is the units digit of c(j)?
1
Suppose 2*l + 991 = 7583. What is the units digit of l?
6
Let y = 102 + 285. Let x = 562 - y. Let n = -47 + x. What is the tens digit of n?
2
Let h = 26808 + -24175. What is the units digit of h?
3
Suppose 5*l = 144 + 411. Let r be (-27 - 17)*(0 - -1). Let m = r + l. What is the units digit of m?
7
Suppose 0*k + 4*k - 8 = -2*v, -8 = 4*k - 2*v. Let x(z) = z**2 + z - 41. Let n be x(k). Let i = n - -59. What is the units digit of i?
8
Let p = -19932 - -35500. What is the units digit of p?
8
Let u be 68/11 + 27/33 + -1. Suppose -2*z - u + 14 = 0. Suppose z*m + 4*m = 2136. What is the units digit of m?
7
Let x = 25737 + -7113. What is the tens digit of x?
2
Suppose 4*d - 1105 - 275 = 0. What is the units digit of d/(-2)*(11 - 4 - 15)?
0
Suppose 5*c = -5*o + 6*c - 99, 0 = 2*o + c + 34. Let l = 0 - o. Suppose -13*r + l*r = 528. What is the tens digit of r?
8
Suppose -17*z + 19*z = -37*z + 3020472. What is the tens digit of z?
4
Let b = -3008 + 10591. What is the thousands digit of b?
7
What is the thousands digit of (4 + 6095 - 0) + (-9 - -11)?
6
Let o(n) = -n + 51. Let y(c) = -2*c + 102. Let w(t) = -2*t**2 - 1. Let p be w(1). Let f(u) = p*y(u) + 7*o(u). What is the units digit of f(-17)?
8
Suppose 315 = 10*j + 5*j. Suppose -619 = -2*v + j. What is the units digit of v?
0
Suppose -2*m = -4*m + s + 3, -m + 4*s = 16. Let n be 5/(-10)*0/m. Suppose n = 32*f - 34*f + 280. What is the units digit of f?
0
Let o = -249 - -8519. What is the units digit of o?
0
Suppose -36*q = -33*q + 609. Let b = q - -87. Let f = -24 - b. What is the tens digit of f?
9
Let q = 4 + -1. Let k(o) = 10*o + 0*o**3 + o**q - 10 - 2*o**3 - 11*o**2. What is the tens digit of k(-12)?
1
Let j(v) = v**3 + 26*v**2 + 22*v + 87. Let n be j(-25). Let c = 229 - n. What is the tens digit of c?
6
Let p be -4*((-37)/(-4))/(-1). Let l = p - 25. Suppose -y + 158 = -l. What is the tens digit of y?
7
Suppose 89*m - 576914 = -94*m + 55168. What is the hundreds digit of m?
4
Let a(m) be the first derivative of m**4/4 + 11*m**3/3 - 7*m**2 + 34*m + 83. What is the tens digit of a(-10)?
7
Let v = 129 + -144. Let m = -62 + 115. Let g = v + m. What is the units digit of g?
8
Suppose 11*w - 455 = 16*w. Let d be ((35/14)/(-5))/(1/130). Let i = d - w. What is the tens digit of i?
2
Let b(d) = d - 3. Let h be b(6). Let s(m) = -m**3 + 51*m**2 + 227*m - 106. Let k be s(55). Suppose 6*z = h*z + k. What is the units digit of z?
3
Suppose 5*l - 186529 = -3*m, 124*l - 37298 = 123*l + 2*m. What is the units digit of l?
4
Let d(j) = 71*j**3 + 2*j**2 + 2*j - 7. Let a = -237 - -239. What is the units digit of d(a)?
3
Let l(h) be the first derivative of -2*h**2 - 6*h - 17. Let d be l(-2). Suppose 7*c - d*w - 77 = 2*c, 4*c = w + 61. What is the units digit of c?
5
Let m(w) = 4*w**2 - 158*w - 2218. What is the units digit of m(-13)?
2
Suppose -2*q + 5*u + 80 = 0, -q + 2*u + 21 = -17. Let d = q - -18. What is the tens digit of d?
4
Let k = -31 + 45. Let r(u) = 3*u - 26. Let z be r(k). Let c = 18 + z. What is the units digit of c?
4
Let n be -8*(-4)/(-208) - 39776/26. Let o = -1087 - n. What is the tens digit of o?
4
Suppose -4*j + 3*j = 3*a - 10, -3*a + 4 = 4*j. Suppose -5*y = 5*z + 25, -a*z + 3*y - 19 = -6. What is the tens digit of (18/(-15))/(z/270)?
8
Let q(s) = -s - 6. Suppose 53 = -12*k - 43. Let l be q(k). Suppose -815 = -4*o + 3*v, l*o - v - 70 = 337. What is the units digit of o?
3
What is the hundreds digit of 3243276/(-138)*(-1)/3*1?
8
Suppose 4*n - 44 - 48 = 0. Let s = n + -46. Let y = 74 + s. What is the tens digit of y?
5
Let o = -6979 - -40477. What is the hundreds digit of o?
4
Suppose 50 = 9*v + v. Suppose -3*g - 2*l + 2866 = g, -4*l = v*g - 3587. What is the hundreds digit of g?
7
Let b = 278 + -236. What is the tens digit of (-26*15/6)/((-7)/b)?
9
Let v be ((3 - -1)/8)/(2/5552). Suppose 21*h - 17*h = v. What is the hundreds digit of h?
3
Let o(r) be the third derivative of r**5/20 - r**4/24 + 23*r**3/3 - 16*r**2. What is the units digit of o(-9)?
8
Suppose -10*v - 6*v = -22*v + 9312. What is the thousands digit of v?
1
Suppose -25*t + 63040 = 4*f - 21*t, -4*t - 63072 = -4*f. What is the units digit of f?
4
Let c = 1335 - -5084. What is the units digit of c?
9
Let a be (((-34)/6)/(-1))/((-4)/(-3024)). Suppose -l = 17*l - a. What is the tens digit of l?
3
Suppose 11*j = -2*j + 28073 + 61562. What is the thousands digit of j?
6
Suppose 0 = 2*a - 80 + 70. Suppose 3*n + 1233 = a*z - 2*z, 2*z - 822 = 5*n. What is the tens digit of z?
1
Let v(n) = 0*n - n + 52 + 14*n + 19*n + 0*n. What is the tens digit of v(17)?
9
Suppose 12*o - 11 = o. Suppose 4*j + 23 = -3*f, o + 2 = -4*j + f. What is the units digit of (j/(-6))/(112/111 + -1)?
7
Let t = 4848 + 1162. Suppose 0 = 4*d + 6*d - t. What is the units digit of d?
1
Let c(s) = 186 + 129 - 272 + 10*s. What is the tens digit of c(10)?
4
Suppose 8*m - 432091 = -63*m + 678775. What is the thousands digit of m?
5
Let x(w) = 8*w - 57. Let k be x(8). Let q = -19 + k. Let b = 39 - q. What is the units digit of b?
1
Suppose 11193 + 2423 = 74*o. What is the hundreds digit of o?
1
Let b = 36631 + -34530. What is the tens digit of b?
0
Let y be (-5)/(((-7)/(357/(-6)))/(-2)). Let t = y - -15. Suppose 0 = -3*d - 2*d + t. What is the tens digit of d?
2
Let r(p) be the first derivative of 5*p**3/3 - 14*p**2 + 123*p - 191. What is the tens digit of r(20)?
6
Suppose 2*s - 2*p = 6*s + 14, 2*p = 2*s + 16. Let w(j) = -2*j - 6. Let y be w(s). What is the tens digit of 3*y/(-12) - -89?
8
Let m = 24492 + -15952. What is the hundreds digit of m?
5
Suppose -y - 2*y + 76464 = 0. Let j be 2/13 + y/117. Suppose 0 = -5*n + 212 + j. What is the tens digit of n?
8
Let l(m) = -16*m - 15. Let q = -15 - -14. Let y be (0 - -5)*(q*1)/1. What is the tens digit of l(y)?
6
Let v(j) be the first derivative of -j**4/4 - j**3/3 + 9*j**2 + 9*j - 4. Let p(i) = -7*i + 42. Let c be p(7). What is the hundreds digit of v(c)?
1
Let c = 51474 - 30293. What is the thousands digit of c?
1
What is the tens digit of 67244/18 + (-162)/(-729)?
3
Let d = 578 - -318. What is the units digit of d - (-6 + (-46)/(-6))*3?
1
Let m(s) = -68*s - 23. Let r be (0 + -1)*7*1. What is the tens digit of m(r)?
5
Let p(b) = 244*b - 2. Suppose 0 = 10*x - 6 - 4. Suppose 0 = -f + 2*f - 4*r - x, 3*f - 3 = -4*r. What is the units digit of p(f)?
2
Let n = -3550 + 4214. What is the hundreds digit of n?
6
Suppose 0 = 18*b + 12*b - 1320 - 196980. What is the hundreds digit of b?
6
Let d(y) = 8*y**2 + 4*y - 15. Let o be d(-9). Let k = o + -30. What is the hundreds digit of k?
5
Suppose -5*r + 201 = -99. Suppose 2*z - r = -z - 3*a, 0 = -z - 4*a + 8. Let c = -11 + z. What is the units digit of c?
3
Let i(c) = 3*c**2 + 40*c + 43. Let h be i(-28). What is the units digit of 6/(h/(-642) + 0 + 2)?
8
Let t(r) = -50*r - 146. Let i be t(-3). Let v = i + 336. What is the tens digit of v?
4
Let d(f) = 4*f**2 + 66*f + 2409. What is the tens digit of d(-43)?
6
Let z be (666/30)/3*5. Suppose z*p - 164 = 35*p. What is the tens digit of p?
8
Let w = -15019 + 39896. What is the thousands digit of w?
4
Let b = 4064 + 7300. Suppose -3*p = -15*p + b. What is the hundreds digit of p?
9
Let k be 0*6/42 + 1*-1. Let h be 4/k - (-4 + (0 - 2)). Suppose -h*p + 348 = 3*t, 4*p + 9*t = 12*t + 660. What is the hundreds digit of p?
1
Let y(n) = 364*n**2 + 29*n - 131. What is the hundreds digit of y(6)?
1
Let a(b) = -7*b + 13. Let g(k) = 9*k - 5. Let s be g(1). Suppose -5*m = 5*q + 36 + s, m = 3*q + 8. What is the units digit of a(m)?
1
Let v(r) =